posite number?
False
Is 49475136421 prime?
False
Is 205703107 prime?
True
Is 72014869 a prime number?
False
Is 4073225423 a composite number?
False
Is 41218425593 prime?
False
Is 1151847911 a composite number?
False
Is 640526267 composite?
True
Is 5521527751 prime?
True
Is 2446102591 a prime number?
True
Is 1862197303 composite?
False
Is 612635479 a composite number?
True
Is 978917 a composite number?
False
Is 3616026607 a composite number?
False
Is 109936653 prime?
False
Is 1248444095 a prime number?
False
Is 367188161 a composite number?
False
Is 1780927301 composite?
True
Is 377137117 composite?
True
Is 5837815801 prime?
False
Is 13325684241 a prime number?
False
Is 1278889147 a prime number?
True
Is 653676869 a prime number?
False
Is 521391709 a composite number?
True
Is 3752981159 composite?
False
Is 902336399 a prime number?
True
Is 546036683 a prime number?
True
Is 5931788957 prime?
False
Is 2103065401 composite?
False
Is 33710749361 prime?
True
Is 498128371 a prime number?
False
Is 15821165501 a prime number?
True
Is 10299147139 prime?
False
Is 155637959417 a composite number?
False
Is 20348268833 a composite number?
False
Is 2604926579 prime?
True
Is 29602062839 a prime number?
False
Is 1487566159 composite?
True
Is 3711345559 a composite number?
False
Is 1823040677 prime?
False
Is 2219609519 composite?
False
Is 8566485667 composite?
False
Is 3975664853 a composite number?
False
Is 3237223603 prime?
True
Is 405857591 a composite number?
False
Is 73643347 composite?
False
Is 60156259 composite?
False
Is 591503767 a prime number?
True
Is 114918779 prime?
False
Is 3885962109 composite?
True
Is 5218111333 prime?
False
Is 1126217541 a prime number?
False
Is 430378943 prime?
True
Is 1047987313 prime?
False
Is 2779364921 prime?
True
Is 1539915161 a prime number?
True
Is 40151861 a prime number?
True
Is 1876324297 composite?
False
Is 8776102499 composite?
False
Is 188624783 composite?
False
Is 2187739771 composite?
True
Is 48285906631 a prime number?
True
Is 21921143747 prime?
True
Is 5900817277 prime?
False
Is 134500495 a composite number?
True
Is 892236302 prime?
False
Is 2827353877 a prime number?
False
Is 9993272873 a composite number?
False
Is 8515163071 composite?
False
Is 1918202879 composite?
True
Is 12513950161 prime?
True
Is 26390832913 a composite number?
True
Is 650781631 a prime number?
True
Is 1306661 a prime number?
True
Is 14947209037 composite?
True
Is 18875089549 a composite number?
True
Is 60980138 a prime number?
False
Is 18353945171 prime?
True
Is 891184919 a prime number?
True
Is 320414687 prime?
True
Is 36023086963 a composite number?
False
Is 169213820219 prime?
False
Is 22591424353 a prime number?
True
Is 13935222838 a prime number?
False
Is 1679693009 a prime number?
True
Is 45603082919 prime?
False
Is 106486897273 a prime number?
False
Is 474041959 a prime number?
False
Is 1293348421 a prime number?
False
Is 9201105559 a prime number?
True
Is 72236569 a composite number?
False
Is 82790323079 a composite number?
False
Is 38846029 prime?
False
Is 6091740409 a composite number?
True
Is 61986661487 a composite number?
False
Is 117295887637 a prime number?
True
Is 60308737 a composite number?
True
Is 3930837173 a composite number?
True
Is 23836642501 a prime number?
False
Is 50109932507 a composite number?
True
Is 5603233967 composite?
True
Is 1528484513 a composite number?
False
Is 2266112371 a composite number?
False
Is 27450435787 a composite number?
False
Is 47983748039 a composite number?
False
Is 10174419937 prime?
False
Is 9551287 a prime number?
True
Is 59910229403 a prime number?
False
Is 3047934334 composite?
True
Is 1750127471 prime?
True
Is 14076728681 a composite number?
True
Is 10089689081 a composite number?
False
Is 2542785701 a composite number?
True
Is 3390053863 composite?
True
Is 3557972389 composite?
False
Is 177681187 prime?
False
Is 6541795523 a composite number?
True
Is 3759024247 composite?
True
Is 19208375819 prime?
True
Is 30045664157 a prime number?
False
Is 4105345007 composite?
False
Is 83203464871 prime?
False
Is 117642263321 composite?
True
Is 1177021246 prime?
False
Is 1304486335 a prime number?
False
Is 853614703 a composite number?
False
Is 2762840297 a composite number?
True
Is 9325157641 a prime number?
True
Is 70184438021 a prime number?
True
Is 30125662349 composite?
False
Is 1140029377 a composite number?
True
Is 125731258951 composite?
True
Is 1105911889 composite?
False
Is 2914859 composite?
True
Is 344763623 prime?
True
Is 1774652783 a composite number?
False
Is 82676622113 a prime number?
True
Is 103209511 prime?
True
Is 939166993 a composite number?
True
Is 8009974883 composite?
False
Is 59406158179 composite?
False
Is 343329451 a prime number?
True
Is 16594970881 a prime number?
False
Is 3727356113 a prime number?
False
Is 2515313971 prime?
False
Is 66964017707 composite?
False
Is 365265973 prime?
False
Is 8989751207 prime?
True
Is 43026377 composite?
False
Is 65136865637 a composite number?
True
Is 14137540063 prime?
True
Is 493853539411 composite?
False
Is 54521996129 a prime number?
False
Is 88875594901 a prime number?
False
Is 2624272661 a prime number?
False
Is 147741493 a prime number?
True
Is 772321769 a composite number?
True
Is 1628989543 a composite number?
False
Is 13203218326 a composite number?
True
Is 21187166257 prime?
True
Is 7379002897 prime?
False
Is 1088753801 composite?
False
Is 419422229 prime?
True
Is 110181867241 composite?
True
Is 2940761071 composite?
True
Is 825828097 a prime number?
False
Is 1638850607 prime?
False
Is 5324171719 composite?
False
Is 305025672877 a prime number?
False
Is 971870717 a composite number?
False
Is 2509909783 composite?
True
Is 9292886609 a composite number?
True
Is 9544334897 prime?
False
Is 11779641229 a composite number?
False
Is 443066713 a composite number?
True
Is 7106597933 prime?
False
Is 25359491693 composite?
True
Is 811758863 prime?
True
Is 2675839697 a composite number?
True
Is 930166217 a prime number?
True
Is 82145635307 a prime number?
True
Is 4940933909 a prime number?
True
Is 55741443311 composite?
False
Is 64226814409 a prime number?
True
Is 182235829 a prime number?
True
Is 2693667703 composite?
False
Is 208575437591 prime?
True
Is 46873263247 a prime number?
True
Is 834905783 a prime number?
True
Is 6321936641 prime?
False
Is 4380514433 prime?
True
Is 7470904289 composite?
False
Is 11171361161 a composite number?
False
Is 189294733741 prime?
False
Is 4825715989 a prime number?
True
Is 4203667835 prime?
False
Is 110665453 composite?
False
Is 153133942991 a prime number?
True
Is 2719564921 composite?
False
Is 261594251 a prime number?
True
Is 13318137397 prime?
True
Is 4343563559 prime?
True
Is 6700223969 a composite number?
False
Is 12362824973 a prime number?
True
Is 1594900739 a composite number?
False
Is 32948515363 composite?
False
Is 9242538355 a prime number?
False
Is 1030023299 a prime number?
True
Is 1374398899 composite?
True
Is 646740587 a composite number?
False
Is 20920000547 a composite number?
True
Is 79195099 a prime number?
False
Is 6822720017 a composite number?
True
Is 2413576483 prime?
False
Is 450778717 prime?
False
Is 9545543687 prime?
True
Is 2067846689 a composite number?
False
Is 1259175706 a prime number?
False
Is 750778663 prime?
True
Is 65795087 a prime number?
True
Is 205950989 a composite number?
True
Is 14856421061 composite?
False
Is 2339714395 a prime number?
False
Is 2574061669 prime?
True
Is 57979936037 composite?
False
Is 6689125363 prime?
True
Is 303335533 composite?
False
Is 516852053 prime?
True
Is 3195729937 a prime number?
False
Is 15654913717 a composite number?
False
Is 51271632149 prime?
True
Is 2430637607 prime?
True
Is 144225845483 prime?
True
Is 53391713003 a prime number?
False
Is 5291233999 a prime number?
True
Is 108203167 a prime number?
True
Is 2974463311 a prime number?
False
Is 2483668699 prime?
False
Is 287006309 a prime number?
True
Is 466051847 composite?
False
Is 5337871207 a composite number?
True
Is 431125439 prime?
False
Is 27084122053 prime?
True
Is 416032499 a composite number?
False
Is 58052481623 prime?
True
Is 13114341209 composite?
True
Is 300344881 a prime number?
True
Is 6719861471 a prime number?
True
Is 8743931221 prime?
True
Is 22